en 2048543 is divided by 11128.
991
Calculate the remainder when 19101 is divided by 1587.
57
Calculate the remainder when 5197090 is divided by 14.
10
What is the remainder when 944224 is divided by 3919?
3664
What is the remainder when 14039182 is divided by 2807835?
7
What is the remainder when 3042649 is divided by 1014214?
7
Calculate the remainder when 22871 is divided by 21.
2
What is the remainder when 116922 is divided by 29?
23
Calculate the remainder when 491343 is divided by 2441.
702
Calculate the remainder when 50823895 is divided by 45.
40
What is the remainder when 10211623 is divided by 714?
709
Calculate the remainder when 90022 is divided by 44719.
584
Calculate the remainder when 41643294 is divided by 14.
0
What is the remainder when 4343142 is divided by 502?
340
Calculate the remainder when 69583745 is divided by 108.
101
What is the remainder when 4433284 is divided by 1102?
1040
Calculate the remainder when 11732517 is divided by 609.
132
Calculate the remainder when 5596055 is divided by 1119199.
60
Calculate the remainder when 4195670 is divided by 20.
10
Calculate the remainder when 867906 is divided by 8767.
8740
What is the remainder when 38429026 is divided by 80?
66
Calculate the remainder when 347572 is divided by 1132.
48
Calculate the remainder when 55474896 is divided by 3688.
0
Calculate the remainder when 342912 is divided by 343.
255
Calculate the remainder when 11448137 is divided by 11448129.
8
Calculate the remainder when 331937 is divided by 82984.
1
Calculate the remainder when 988869 is divided by 4244.
17
What is the remainder when 34464537 is divided by 17232266?
5
Calculate the remainder when 22488 is divided by 425.
388
Calculate the remainder when 75798 is divided by 2430.
468
Calculate the remainder when 241811 is divided by 333.
53
What is the remainder when 11700336 is divided by 293?
260
What is the remainder when 2112867 is divided by 77?
64
Calculate the remainder when 3336871 is divided by 17.
9
What is the remainder when 24042944 is divided by 10266?
10238
Calculate the remainder when 2925473 is divided by 12502.
5
Calculate the remainder when 549678 is divided by 204.
102
What is the remainder when 2664138 is divided by 100?
38
What is the remainder when 16276625 is divided by 19?
9
Calculate the remainder when 63389100 is divided by 303.
288
What is the remainder when 33387821 is divided by 18?
17
Calculate the remainder when 909899 is divided by 1654.
199
Calculate the remainder when 17571989 is divided by 1674.
11
Calculate the remainder when 5709 is divided by 397.
151
What is the remainder when 94103 is divided by 831?
200
What is the remainder when 29424 is divided by 2937?
54
What is the remainder when 24882036 is divided by 999?
942
Calculate the remainder when 6564593 is divided by 1133.
1124
Calculate the remainder when 1337665 is divided by 21.
7
Calculate the remainder when 5455626 is divided by 14.
8
Calculate the remainder when 553512 is divided by 9381.
33
Calculate the remainder when 6649493 is divided by 4.
1
What is the remainder when 79673 is divided by 2855?
2588
What is the remainder when 3390850 is divided by 1130224?
178
What is the remainder when 102756 is divided by 20510?
206
What is the remainder when 2844241 is divided by 1691?
1670
What is the remainder when 536957 is divided by 2050?
1907
What is the remainder when 357845 is divided by 270?
95
Calculate the remainder when 128626 is divided by 912.
34
Calculate the remainder when 92270 is divided by 5130.
5060
Calculate the remainder when 956988 is divided by 750.
738
What is the remainder when 103323 is divided by 170?
133
Calculate the remainder when 26134 is divided by 482.
106
What is the remainder when 2558218 is divided by 20?
18
Calculate the remainder when 1395168 is divided by 174390.
48
Calculate the remainder when 559924 is divided by 350.
274
Calculate the remainder when 24961940 is divided by 32.
20
What is the remainder when 212306 is divided by 23?
16
Calculate the remainder when 703305 is divided by 47.
44
What is the remainder when 1359116 is divided by 337?
332
What is the remainder when 263754 is divided by 1747?
1704
Calculate the remainder when 33476 is divided by 303.
146
Calculate the remainder when 49158 is divided by 24260.
638
What is the remainder when 710267 is divided by 101438?
201
What is the remainder when 60509122 is divided by 784?
2
Calculate the remainder when 3054771 is divided by 27.
18
What is the remainder when 76091559 is divided by 201?
195
Calculate the remainder when 1123723 is divided by 1215.
1063
Calculate the remainder when 216276837 is divided by 120.
117
What is the remainder when 15371476 is divided by 1537147?
6
What is the remainder when 5513641 is divided by 6667?
32
Calculate the remainder when 20403560 is divided by 850148.
8
What is the remainder when 88092937 is divided by 133?
121
Calculate the remainder when 24748221 is divided by 100.
21
Calculate the remainder when 873611 is divided by 2912.
11
What is the remainder when 65192 is divided by 5593?
3669
Calculate the remainder when 6276635 is divided by 910.
365
Calculate the remainder when 54573 is divided by 1510.
213
What is the remainder when 41521 is divided by 1171?
536
What is the remainder when 57871 is divided by 1383?
1168
Calculate the remainder when 1034616 is divided by 9164.
8248
Calculate the remainder when 467872 is divided by 233935.
2
Calculate the remainder when 218725 is divided by 349.
251
Calculate the remainder when 31530049 is divided by 17.
13
What is the remainder when 402272 is divided by 20101?
252
What is the remainder when 343771 is divided by 3182?
115
What is the remainder when 177599 is divided by 5708?
651
Calculate the remainder when 498501 is divided by 19939.
26
What is the remainder when 201112 is divided by 229?
50
Calculate the remainder when 8546290 is divided by 85.
50
Calculate the remainder when 70244461 is divided by 1753.
1751
What is the remainder when 20140022 is divided by 185?
182
Calculate the remainder when 6192662 is divided by 1548162.
14
Calculate the remainder when 17704 is divided by 7875.
1954
What is the remainder when 236304 is divided by 236278?
26
Calculate the remainder when 3532274 is divided by 60901.
16
Calculate the remainder when 31731519 is divided by 113733.
12
What is the remainder when 3694904 is divided by 36?
8
Calculate the remainder when 539195 is divided by 179369.
1088
Calculate the remainder when 1643931 is divided by 350.
331
What is the remainder when 36150 is divided by 32?
22
What is the remainder when 109799 is divided by 523?
492
Calculate the remainder when 7787521 is divided by 1946823.
229
Calculate the remainder when 22524888 is divided by 938537.
0
Calculate the remainder when 2994603 is divided by 299457.
33
What is the remainder when 73944 is divided by 18136?
1400
What is the remainder when 97136 is divided by 123?
89
Calculate the remainder when 674740 is divided by 4182.
1438
Calculate the remainder when 3886003 is divided by 1942967.
69
Calculate the remainder when 6221156 is divided by 1178.
138
Calculate the remainder when 534620 is divided by 106216.
3540
What is the remainder when 209775822 is divided by 1074?
1068
What is the remainder when 1445917 is divided by 488?
461
Calculate the remainder when 165668 is divided by 600.
68
What is the remainder when 1465125388 is divided by 18?
16
What is the remainder when 378224 is divided by 126067?
23
Calculate the remainder when 228427 is divided by 22826.
167
Calculate the remainder when 42152287 is divided by 5269029.
55
Calculate the remainder when 47707151 is divided by 1817.
1816
Calculate the remainder when 47005 is divided by 4056.
2389
What is the remainder when 178668268 is divided by 11?
9
Calculate the remainder when 24183 is divided by 1343.
9
What is the remainder when 15762869 is divided by 30?
29
Calculate the remainder when 89211776 is divided by 20.
16
Calculate the remainder when 473390 is divided by 17524.
242
What is the remainder when 342439 is divided by 4240?
3239
What is the remainder when 3512500 is divided by 3119?
506
Calculate the remainder when 68706 is divided by 170.
26
Calculate the remainder when 14926070 is divided by